{"id":665,"date":"2023-04-24T13:49:55","date_gmt":"2023-04-24T16:49:55","guid":{"rendered":"https:\/\/amamsul.meutecnicoremoto.com.br\/?page_id=665"},"modified":"2023-04-24T22:31:39","modified_gmt":"2023-04-25T01:31:39","slug":"espaco-para-eventos","status":"publish","type":"page","link":"https:\/\/amamsul.meutecnicoremoto.com.br\/index.php\/espaco-para-eventos\/","title":{"rendered":"Espa\u00e7o para eventos"},"content":{"rendered":"\t\t<div data-elementor-type=\"wp-page\" data-elementor-id=\"665\" class=\"elementor elementor-665\" data-elementor-post-type=\"page\">\n\t\t\t\t<div class=\"elementor-element elementor-element-602c857 e-flex e-con-boxed e-con e-parent\" data-id=\"602c857\" data-element_type=\"container\" data-e-type=\"container\">\n\t\t\t\t\t<div class=\"e-con-inner\">\n\t\t\t\t<div class=\"elementor-element elementor-element-2bfcf7b animated-slow elementor-invisible elementor-widget elementor-widget-image\" data-id=\"2bfcf7b\" data-element_type=\"widget\" data-e-type=\"widget\" data-settings=\"{&quot;_animation&quot;:&quot;slideInLeft&quot;}\" data-widget_type=\"image.default\">\n\t\t\t\t<div class=\"elementor-widget-container\">\n\t\t\t\t\t\t\t\t\t\t\t\t<figure class=\"wp-caption\">\n\t\t\t\t\t\t\t\t\t\t<img fetchpriority=\"high\" decoding=\"async\" width=\"1024\" height=\"724\" src=\"https:\/\/amamsul.meutecnicoremoto.com.br\/wp-content\/uploads\/2023\/04\/espaco-eventos-foto-1-1024x724.jpg\" class=\"elementor-animation-grow attachment-large size-large wp-image-718\" alt=\"\" srcset=\"https:\/\/amamsul.meutecnicoremoto.com.br\/wp-content\/uploads\/2023\/04\/espaco-eventos-foto-1-1024x724.jpg 1024w, https:\/\/amamsul.meutecnicoremoto.com.br\/wp-content\/uploads\/2023\/04\/espaco-eventos-foto-1-300x212.jpg 300w, https:\/\/amamsul.meutecnicoremoto.com.br\/wp-content\/uploads\/2023\/04\/espaco-eventos-foto-1-768x543.jpg 768w, https:\/\/amamsul.meutecnicoremoto.com.br\/wp-content\/uploads\/2023\/04\/espaco-eventos-foto-1-1536x1086.jpg 1536w, https:\/\/amamsul.meutecnicoremoto.com.br\/wp-content\/uploads\/2023\/04\/espaco-eventos-foto-1.jpg 2000w\" sizes=\"(max-width: 1024px) 100vw, 1024px\" \/>\t\t\t\t\t\t\t\t\t\t\t<figcaption class=\"widget-image-caption wp-caption-text\">Espa\u00e7os variados<\/figcaption>\n\t\t\t\t\t\t\t\t\t\t<\/figure>\n\t\t\t\t\t\t\t\t\t<\/div>\n\t\t\t\t<\/div>\n\t\t\t\t<div class=\"elementor-element elementor-element-ef0e434 elementor-widget elementor-widget-text-editor\" data-id=\"ef0e434\" data-element_type=\"widget\" data-e-type=\"widget\" data-settings=\"{&quot;_animation_mobile&quot;:&quot;fadeIn&quot;}\" data-widget_type=\"text-editor.default\">\n\t\t\t\t<div class=\"elementor-widget-container\">\n\t\t\t\t\t\t\t\t\t<p>Temos v\u00e1rias op\u00e7\u00f5es de espa\u00e7os para diversos eventos, consulte-nos!<\/p>\t\t\t\t\t\t\t\t<\/div>\n\t\t\t\t<\/div>\n\t\t\t\t\t<\/div>\n\t\t\t\t<\/div>\n\t\t<div class=\"elementor-element elementor-element-6be7a04 e-flex e-con-boxed e-con e-parent\" data-id=\"6be7a04\" data-element_type=\"container\" data-e-type=\"container\" data-settings=\"{&quot;background_background&quot;:&quot;classic&quot;}\">\n\t\t\t\t\t<div class=\"e-con-inner\">\n\t\t\t\t<div class=\"elementor-element elementor-element-980a7ec animated-slow elementor-invisible elementor-widget elementor-widget-image\" data-id=\"980a7ec\" data-element_type=\"widget\" data-e-type=\"widget\" data-settings=\"{&quot;_animation&quot;:&quot;slideInRight&quot;,&quot;_animation_mobile&quot;:&quot;slideInRight&quot;}\" data-widget_type=\"image.default\">\n\t\t\t\t<div class=\"elementor-widget-container\">\n\t\t\t\t\t\t\t\t\t\t\t\t<figure class=\"wp-caption\">\n\t\t\t\t\t\t\t\t\t\t\t<a href=\"https:\/\/amamsul.meutecnicoremoto.com.br\/wp-content\/uploads\/2023\/04\/salao-2.jpg\" data-elementor-open-lightbox=\"yes\" data-elementor-lightbox-title=\"salao 2\" data-e-action-hash=\"#elementor-action%3Aaction%3Dlightbox%26settings%3DeyJpZCI6NjY3LCJ1cmwiOiJodHRwczpcL1wvYW1hbXN1bC5tZXV0ZWNuaWNvcmVtb3RvLmNvbS5iclwvd3AtY29udGVudFwvdXBsb2Fkc1wvMjAyM1wvMDRcL3NhbGFvLTIuanBnIn0%3D\">\n\t\t\t\t\t\t\t<img decoding=\"async\" width=\"900\" height=\"400\" src=\"https:\/\/amamsul.meutecnicoremoto.com.br\/wp-content\/uploads\/2023\/04\/salao-2.jpg\" class=\"elementor-animation-grow attachment-large size-large wp-image-667\" alt=\"\" srcset=\"https:\/\/amamsul.meutecnicoremoto.com.br\/wp-content\/uploads\/2023\/04\/salao-2.jpg 900w, https:\/\/amamsul.meutecnicoremoto.com.br\/wp-content\/uploads\/2023\/04\/salao-2-300x133.jpg 300w, https:\/\/amamsul.meutecnicoremoto.com.br\/wp-content\/uploads\/2023\/04\/salao-2-768x341.jpg 768w\" sizes=\"(max-width: 900px) 100vw, 900px\" \/>\t\t\t\t\t\t\t\t<\/a>\n\t\t\t\t\t\t\t\t\t\t\t<figcaption class=\"widget-image-caption wp-caption-text\">Sal\u00e3o de festas<\/figcaption>\n\t\t\t\t\t\t\t\t\t\t<\/figure>\n\t\t\t\t\t\t\t\t\t<\/div>\n\t\t\t\t<\/div>\n\t\t\t\t<div class=\"elementor-element elementor-element-0a7343f elementor-widget elementor-widget-text-editor\" data-id=\"0a7343f\" data-element_type=\"widget\" data-e-type=\"widget\" data-settings=\"{&quot;_animation_mobile&quot;:&quot;fadeIn&quot;}\" data-widget_type=\"text-editor.default\">\n\t\t\t\t<div class=\"elementor-widget-container\">\n\t\t\t\t\t\t\t\t\t<p>Sal\u00e3o de festas com capacidade para at\u00e9 500 pessoas, ar-condicionado, estacionamento pr\u00f3prio<\/p>\t\t\t\t\t\t\t\t<\/div>\n\t\t\t\t<\/div>\n\t\t\t\t\t<\/div>\n\t\t\t\t<\/div>\n\t\t<div class=\"elementor-element elementor-element-9e7aa93 e-flex e-con-boxed e-con e-parent\" data-id=\"9e7aa93\" data-element_type=\"container\" data-e-type=\"container\" data-settings=\"{&quot;background_background&quot;:&quot;classic&quot;}\">\n\t\t\t\t\t<div class=\"e-con-inner\">\n\t\t\t\t<div class=\"elementor-element elementor-element-40d670f animated-slow elementor-invisible elementor-widget elementor-widget-image\" data-id=\"40d670f\" data-element_type=\"widget\" data-e-type=\"widget\" data-settings=\"{&quot;_animation&quot;:&quot;slideInLeft&quot;}\" data-widget_type=\"image.default\">\n\t\t\t\t<div class=\"elementor-widget-container\">\n\t\t\t\t\t\t\t\t\t\t\t\t<figure class=\"wp-caption\">\n\t\t\t\t\t\t\t\t\t\t\t<a href=\"https:\/\/amamsul.meutecnicoremoto.com.br\/wp-content\/uploads\/2023\/04\/auditorio-2.jpg\" data-elementor-open-lightbox=\"yes\" data-elementor-lightbox-title=\"auditorio 2\" data-e-action-hash=\"#elementor-action%3Aaction%3Dlightbox%26settings%3DeyJpZCI6NjY4LCJ1cmwiOiJodHRwczpcL1wvYW1hbXN1bC5tZXV0ZWNuaWNvcmVtb3RvLmNvbS5iclwvd3AtY29udGVudFwvdXBsb2Fkc1wvMjAyM1wvMDRcL2F1ZGl0b3Jpby0yLmpwZyJ9\">\n\t\t\t\t\t\t\t<img decoding=\"async\" width=\"1024\" height=\"683\" src=\"https:\/\/amamsul.meutecnicoremoto.com.br\/wp-content\/uploads\/2023\/04\/auditorio-2-1024x683.jpg\" class=\"elementor-animation-grow attachment-large size-large wp-image-668\" alt=\"\" srcset=\"https:\/\/amamsul.meutecnicoremoto.com.br\/wp-content\/uploads\/2023\/04\/auditorio-2-1024x683.jpg 1024w, https:\/\/amamsul.meutecnicoremoto.com.br\/wp-content\/uploads\/2023\/04\/auditorio-2-300x200.jpg 300w, https:\/\/amamsul.meutecnicoremoto.com.br\/wp-content\/uploads\/2023\/04\/auditorio-2-768x512.jpg 768w, https:\/\/amamsul.meutecnicoremoto.com.br\/wp-content\/uploads\/2023\/04\/auditorio-2-1536x1024.jpg 1536w, https:\/\/amamsul.meutecnicoremoto.com.br\/wp-content\/uploads\/2023\/04\/auditorio-2.jpg 1944w\" sizes=\"(max-width: 1024px) 100vw, 1024px\" \/>\t\t\t\t\t\t\t\t<\/a>\n\t\t\t\t\t\t\t\t\t\t\t<figcaption class=\"widget-image-caption wp-caption-text\">Audit\u00f3rio<\/figcaption>\n\t\t\t\t\t\t\t\t\t\t<\/figure>\n\t\t\t\t\t\t\t\t\t<\/div>\n\t\t\t\t<\/div>\n\t\t\t\t<div class=\"elementor-element elementor-element-9be5189 elementor-widget elementor-widget-text-editor\" data-id=\"9be5189\" data-element_type=\"widget\" data-e-type=\"widget\" data-settings=\"{&quot;_animation_mobile&quot;:&quot;fadeIn&quot;}\" data-widget_type=\"text-editor.default\">\n\t\t\t\t<div class=\"elementor-widget-container\">\n\t\t\t\t\t\t\t\t\t<p>Audit\u00f3rio com capacidade para 220 pessoas, ar-condicionado, projetor,\u00a0 palco, sonoriza\u00e7\u00e3o, wifi e estacionamento pr\u00f3prio<\/p>\t\t\t\t\t\t\t\t<\/div>\n\t\t\t\t<\/div>\n\t\t\t\t\t<\/div>\n\t\t\t\t<\/div>\n\t\t<div class=\"elementor-element elementor-element-8b453a2 e-flex e-con-boxed e-con e-parent\" data-id=\"8b453a2\" data-element_type=\"container\" data-e-type=\"container\" data-settings=\"{&quot;background_background&quot;:&quot;classic&quot;}\">\n\t\t\t\t\t<div class=\"e-con-inner\">\n\t\t\t\t<div class=\"elementor-element elementor-element-7ed93e6 animated-slow elementor-invisible elementor-widget elementor-widget-image\" data-id=\"7ed93e6\" data-element_type=\"widget\" data-e-type=\"widget\" data-settings=\"{&quot;_animation&quot;:&quot;slideInRight&quot;,&quot;_animation_mobile&quot;:&quot;slideInRight&quot;}\" data-widget_type=\"image.default\">\n\t\t\t\t<div class=\"elementor-widget-container\">\n\t\t\t\t\t\t\t\t\t\t\t\t<figure class=\"wp-caption\">\n\t\t\t\t\t\t\t\t\t\t\t<a href=\"https:\/\/amamsul.meutecnicoremoto.com.br\/wp-content\/uploads\/2023\/04\/gourmet.jpg\" data-elementor-open-lightbox=\"yes\" data-elementor-lightbox-title=\"gourmet\" data-e-action-hash=\"#elementor-action%3Aaction%3Dlightbox%26settings%3DeyJpZCI6NjY5LCJ1cmwiOiJodHRwczpcL1wvYW1hbXN1bC5tZXV0ZWNuaWNvcmVtb3RvLmNvbS5iclwvd3AtY29udGVudFwvdXBsb2Fkc1wvMjAyM1wvMDRcL2dvdXJtZXQuanBnIn0%3D\">\n\t\t\t\t\t\t\t<img loading=\"lazy\" decoding=\"async\" width=\"900\" height=\"400\" src=\"https:\/\/amamsul.meutecnicoremoto.com.br\/wp-content\/uploads\/2023\/04\/gourmet.jpg\" class=\"elementor-animation-grow attachment-large size-large wp-image-669\" alt=\"\" srcset=\"https:\/\/amamsul.meutecnicoremoto.com.br\/wp-content\/uploads\/2023\/04\/gourmet.jpg 900w, https:\/\/amamsul.meutecnicoremoto.com.br\/wp-content\/uploads\/2023\/04\/gourmet-300x133.jpg 300w, https:\/\/amamsul.meutecnicoremoto.com.br\/wp-content\/uploads\/2023\/04\/gourmet-768x341.jpg 768w\" sizes=\"(max-width: 900px) 100vw, 900px\" \/>\t\t\t\t\t\t\t\t<\/a>\n\t\t\t\t\t\t\t\t\t\t\t<figcaption class=\"widget-image-caption wp-caption-text\">Espa\u00e7o gourmet<\/figcaption>\n\t\t\t\t\t\t\t\t\t\t<\/figure>\n\t\t\t\t\t\t\t\t\t<\/div>\n\t\t\t\t<\/div>\n\t\t\t\t<div class=\"elementor-element elementor-element-27b2bec elementor-widget elementor-widget-text-editor\" data-id=\"27b2bec\" data-element_type=\"widget\" data-e-type=\"widget\" data-settings=\"{&quot;_animation_mobile&quot;:&quot;fadeIn&quot;}\" data-widget_type=\"text-editor.default\">\n\t\t\t\t<div class=\"elementor-widget-container\">\n\t\t\t\t\t\t\t\t\t<p>Espa\u00e7o gourmet com capacidade para 60 pessoas, churrasqueira, wifi, ar-condicionado e estacionamento pr\u00f3prio<\/p>\t\t\t\t\t\t\t\t<\/div>\n\t\t\t\t<\/div>\n\t\t\t\t\t<\/div>\n\t\t\t\t<\/div>\n\t\t\t\t<\/div>\n\t\t","protected":false},"excerpt":{"rendered":"<p>Espa\u00e7os variados Temos v\u00e1rias op\u00e7\u00f5es de espa\u00e7os para diversos eventos, consulte-nos! Sal\u00e3o de festas Sal\u00e3o de festas com capacidade para at\u00e9 500 pessoas, ar-condicionado, estacionamento pr\u00f3prio Audit\u00f3rio Audit\u00f3rio com capacidade para 220 pessoas, ar-condicionado, projetor,\u00a0 palco, sonoriza\u00e7\u00e3o, wifi e estacionamento pr\u00f3prio Espa\u00e7o gourmet Espa\u00e7o gourmet com capacidade para 60 pessoas, churrasqueira, wifi, ar-condicionado e estacionamento [&hellip;]<\/p>\n","protected":false},"author":1,"featured_media":0,"parent":0,"menu_order":30,"comment_status":"closed","ping_status":"closed","template":"","meta":{"footnotes":""},"class_list":["post-665","page","type-page","status-publish","hentry"],"yoast_head":"<!-- This site is optimized with the Yoast SEO Premium plugin v22.6 (Yoast SEO v26.9) - https:\/\/yoast.com\/product\/yoast-seo-premium-wordpress\/ -->\n<title>Espa\u00e7o para eventos - AMAMSUL<\/title>\n<meta name=\"robots\" content=\"noindex, follow, max-snippet:-1, max-image-preview:large, max-video-preview:-1\" \/>\n<meta property=\"og:locale\" content=\"pt_BR\" \/>\n<meta property=\"og:type\" content=\"article\" \/>\n<meta property=\"og:title\" content=\"Espa\u00e7o para eventos\" \/>\n<meta property=\"og:description\" content=\"Espa\u00e7os variados Temos v\u00e1rias op\u00e7\u00f5es de espa\u00e7os para diversos eventos, consulte-nos! Sal\u00e3o de festas Sal\u00e3o de festas com capacidade para at\u00e9 500 pessoas, ar-condicionado, estacionamento pr\u00f3prio Audit\u00f3rio Audit\u00f3rio com capacidade para 220 pessoas, ar-condicionado, projetor,\u00a0 palco, sonoriza\u00e7\u00e3o, wifi e estacionamento pr\u00f3prio Espa\u00e7o gourmet Espa\u00e7o gourmet com capacidade para 60 pessoas, churrasqueira, wifi, ar-condicionado e estacionamento [&hellip;]\" \/>\n<meta property=\"og:url\" content=\"https:\/\/amamsul.meutecnicoremoto.com.br\/index.php\/espaco-para-eventos\/\" \/>\n<meta property=\"og:site_name\" content=\"AMAMSUL\" \/>\n<meta property=\"article:modified_time\" content=\"2023-04-25T01:31:39+00:00\" \/>\n<meta property=\"og:image\" content=\"https:\/\/amamsul.meutecnicoremoto.com.br\/wp-content\/uploads\/2023\/04\/espaco-eventos-foto-1-1024x724.jpg\" \/>\n<meta name=\"twitter:card\" content=\"summary_large_image\" \/>\n<script type=\"application\/ld+json\" class=\"yoast-schema-graph\">{\"@context\":\"https:\/\/schema.org\",\"@graph\":[{\"@type\":\"WebPage\",\"@id\":\"https:\/\/amamsul.meutecnicoremoto.com.br\/index.php\/espaco-para-eventos\/\",\"url\":\"https:\/\/amamsul.meutecnicoremoto.com.br\/index.php\/espaco-para-eventos\/\",\"name\":\"Espa\u00e7o para eventos - AMAMSUL\",\"isPartOf\":{\"@id\":\"https:\/\/amamsul.meutecnicoremoto.com.br\/#website\"},\"primaryImageOfPage\":{\"@id\":\"https:\/\/amamsul.meutecnicoremoto.com.br\/index.php\/espaco-para-eventos\/#primaryimage\"},\"image\":{\"@id\":\"https:\/\/amamsul.meutecnicoremoto.com.br\/index.php\/espaco-para-eventos\/#primaryimage\"},\"thumbnailUrl\":\"https:\/\/amamsul.meutecnicoremoto.com.br\/wp-content\/uploads\/2023\/04\/espaco-eventos-foto-1-1024x724.jpg\",\"datePublished\":\"2023-04-24T16:49:55+00:00\",\"dateModified\":\"2023-04-25T01:31:39+00:00\",\"breadcrumb\":{\"@id\":\"https:\/\/amamsul.meutecnicoremoto.com.br\/index.php\/espaco-para-eventos\/#breadcrumb\"},\"inLanguage\":\"pt-BR\",\"potentialAction\":[{\"@type\":\"ReadAction\",\"target\":[\"https:\/\/amamsul.meutecnicoremoto.com.br\/index.php\/espaco-para-eventos\/\"]}]},{\"@type\":\"ImageObject\",\"inLanguage\":\"pt-BR\",\"@id\":\"https:\/\/amamsul.meutecnicoremoto.com.br\/index.php\/espaco-para-eventos\/#primaryimage\",\"url\":\"https:\/\/amamsul.meutecnicoremoto.com.br\/wp-content\/uploads\/2023\/04\/espaco-eventos-foto-1.jpg\",\"contentUrl\":\"https:\/\/amamsul.meutecnicoremoto.com.br\/wp-content\/uploads\/2023\/04\/espaco-eventos-foto-1.jpg\",\"width\":2000,\"height\":1414},{\"@type\":\"BreadcrumbList\",\"@id\":\"https:\/\/amamsul.meutecnicoremoto.com.br\/index.php\/espaco-para-eventos\/#breadcrumb\",\"itemListElement\":[{\"@type\":\"ListItem\",\"position\":1,\"name\":\"In\u00edcio\",\"item\":\"https:\/\/amamsul.meutecnicoremoto.com.br\/\"},{\"@type\":\"ListItem\",\"position\":2,\"name\":\"Espa\u00e7o para eventos\"}]},{\"@type\":\"WebSite\",\"@id\":\"https:\/\/amamsul.meutecnicoremoto.com.br\/#website\",\"url\":\"https:\/\/amamsul.meutecnicoremoto.com.br\/\",\"name\":\"AMAMSUL\",\"description\":\"Associa\u00e7\u00e3o dos Magistrados de Mato Grosso do Sul\",\"potentialAction\":[{\"@type\":\"SearchAction\",\"target\":{\"@type\":\"EntryPoint\",\"urlTemplate\":\"https:\/\/amamsul.meutecnicoremoto.com.br\/?s={search_term_string}\"},\"query-input\":{\"@type\":\"PropertyValueSpecification\",\"valueRequired\":true,\"valueName\":\"search_term_string\"}}],\"inLanguage\":\"pt-BR\"}]}<\/script>\n<!-- \/ Yoast SEO Premium plugin. -->","yoast_head_json":{"title":"Espa\u00e7o para eventos - AMAMSUL","robots":{"index":"noindex","follow":"follow","max-snippet":"max-snippet:-1","max-image-preview":"max-image-preview:large","max-video-preview":"max-video-preview:-1"},"og_locale":"pt_BR","og_type":"article","og_title":"Espa\u00e7o para eventos","og_description":"Espa\u00e7os variados Temos v\u00e1rias op\u00e7\u00f5es de espa\u00e7os para diversos eventos, consulte-nos! Sal\u00e3o de festas Sal\u00e3o de festas com capacidade para at\u00e9 500 pessoas, ar-condicionado, estacionamento pr\u00f3prio Audit\u00f3rio Audit\u00f3rio com capacidade para 220 pessoas, ar-condicionado, projetor,\u00a0 palco, sonoriza\u00e7\u00e3o, wifi e estacionamento pr\u00f3prio Espa\u00e7o gourmet Espa\u00e7o gourmet com capacidade para 60 pessoas, churrasqueira, wifi, ar-condicionado e estacionamento [&hellip;]","og_url":"https:\/\/amamsul.meutecnicoremoto.com.br\/index.php\/espaco-para-eventos\/","og_site_name":"AMAMSUL","article_modified_time":"2023-04-25T01:31:39+00:00","og_image":[{"url":"https:\/\/amamsul.meutecnicoremoto.com.br\/wp-content\/uploads\/2023\/04\/espaco-eventos-foto-1-1024x724.jpg","type":"","width":"","height":""}],"twitter_card":"summary_large_image","schema":{"@context":"https:\/\/schema.org","@graph":[{"@type":"WebPage","@id":"https:\/\/amamsul.meutecnicoremoto.com.br\/index.php\/espaco-para-eventos\/","url":"https:\/\/amamsul.meutecnicoremoto.com.br\/index.php\/espaco-para-eventos\/","name":"Espa\u00e7o para eventos - AMAMSUL","isPartOf":{"@id":"https:\/\/amamsul.meutecnicoremoto.com.br\/#website"},"primaryImageOfPage":{"@id":"https:\/\/amamsul.meutecnicoremoto.com.br\/index.php\/espaco-para-eventos\/#primaryimage"},"image":{"@id":"https:\/\/amamsul.meutecnicoremoto.com.br\/index.php\/espaco-para-eventos\/#primaryimage"},"thumbnailUrl":"https:\/\/amamsul.meutecnicoremoto.com.br\/wp-content\/uploads\/2023\/04\/espaco-eventos-foto-1-1024x724.jpg","datePublished":"2023-04-24T16:49:55+00:00","dateModified":"2023-04-25T01:31:39+00:00","breadcrumb":{"@id":"https:\/\/amamsul.meutecnicoremoto.com.br\/index.php\/espaco-para-eventos\/#breadcrumb"},"inLanguage":"pt-BR","potentialAction":[{"@type":"ReadAction","target":["https:\/\/amamsul.meutecnicoremoto.com.br\/index.php\/espaco-para-eventos\/"]}]},{"@type":"ImageObject","inLanguage":"pt-BR","@id":"https:\/\/amamsul.meutecnicoremoto.com.br\/index.php\/espaco-para-eventos\/#primaryimage","url":"https:\/\/amamsul.meutecnicoremoto.com.br\/wp-content\/uploads\/2023\/04\/espaco-eventos-foto-1.jpg","contentUrl":"https:\/\/amamsul.meutecnicoremoto.com.br\/wp-content\/uploads\/2023\/04\/espaco-eventos-foto-1.jpg","width":2000,"height":1414},{"@type":"BreadcrumbList","@id":"https:\/\/amamsul.meutecnicoremoto.com.br\/index.php\/espaco-para-eventos\/#breadcrumb","itemListElement":[{"@type":"ListItem","position":1,"name":"In\u00edcio","item":"https:\/\/amamsul.meutecnicoremoto.com.br\/"},{"@type":"ListItem","position":2,"name":"Espa\u00e7o para eventos"}]},{"@type":"WebSite","@id":"https:\/\/amamsul.meutecnicoremoto.com.br\/#website","url":"https:\/\/amamsul.meutecnicoremoto.com.br\/","name":"AMAMSUL","description":"Associa\u00e7\u00e3o dos Magistrados de Mato Grosso do Sul","potentialAction":[{"@type":"SearchAction","target":{"@type":"EntryPoint","urlTemplate":"https:\/\/amamsul.meutecnicoremoto.com.br\/?s={search_term_string}"},"query-input":{"@type":"PropertyValueSpecification","valueRequired":true,"valueName":"search_term_string"}}],"inLanguage":"pt-BR"}]}},"_links":{"self":[{"href":"https:\/\/amamsul.meutecnicoremoto.com.br\/index.php\/wp-json\/wp\/v2\/pages\/665","targetHints":{"allow":["GET"]}}],"collection":[{"href":"https:\/\/amamsul.meutecnicoremoto.com.br\/index.php\/wp-json\/wp\/v2\/pages"}],"about":[{"href":"https:\/\/amamsul.meutecnicoremoto.com.br\/index.php\/wp-json\/wp\/v2\/types\/page"}],"author":[{"embeddable":true,"href":"https:\/\/amamsul.meutecnicoremoto.com.br\/index.php\/wp-json\/wp\/v2\/users\/1"}],"replies":[{"embeddable":true,"href":"https:\/\/amamsul.meutecnicoremoto.com.br\/index.php\/wp-json\/wp\/v2\/comments?post=665"}],"version-history":[{"count":116,"href":"https:\/\/amamsul.meutecnicoremoto.com.br\/index.php\/wp-json\/wp\/v2\/pages\/665\/revisions"}],"predecessor-version":[{"id":1039,"href":"https:\/\/amamsul.meutecnicoremoto.com.br\/index.php\/wp-json\/wp\/v2\/pages\/665\/revisions\/1039"}],"wp:attachment":[{"href":"https:\/\/amamsul.meutecnicoremoto.com.br\/index.php\/wp-json\/wp\/v2\/media?parent=665"}],"curies":[{"name":"wp","href":"https:\/\/api.w.org\/{rel}","templated":true}]}}